st common factor of 11260 and 140.
20
Calculate the greatest common divisor of 163704 and 2976.
24
What is the greatest common divisor of 1024 and 2812?
4
Calculate the highest common factor of 342 and 964611.
171
What is the highest common factor of 6700432 and 4?
4
What is the highest common divisor of 950265 and 45?
45
What is the highest common divisor of 446352 and 816?
816
What is the greatest common factor of 314118 and 9072?
1134
Calculate the highest common divisor of 150 and 21410.
10
Calculate the greatest common divisor of 108 and 4546881.
27
Calculate the highest common factor of 11271 and 624.
39
What is the highest common divisor of 13236 and 11136?
12
What is the greatest common factor of 21 and 89061?
21
Calculate the greatest common divisor of 13482 and 1071.
63
What is the greatest common factor of 83 and 1147?
1
Calculate the highest common divisor of 392 and 4142264.
392
What is the greatest common divisor of 1752 and 66?
6
What is the highest common factor of 32140 and 160?
20
What is the highest common factor of 8371 and 9383?
11
What is the greatest common factor of 8 and 1292296?
8
Calculate the greatest common factor of 142103 and 68801.
643
What is the greatest common divisor of 661423 and 2562?
427
Calculate the greatest common divisor of 4785 and 16170.
165
What is the greatest common factor of 437750 and 340?
170
What is the highest common factor of 158 and 18091?
79
What is the greatest common divisor of 175 and 35903?
7
Calculate the highest common divisor of 470 and 546704.
94
What is the highest common factor of 3766 and 330332?
538
Calculate the greatest common factor of 894361 and 89.
89
Calculate the greatest common factor of 8510 and 2990.
230
Calculate the highest common factor of 1475 and 1062.
59
Calculate the highest common divisor of 784 and 2303.
49
Calculate the greatest common divisor of 1342 and 198.
22
What is the greatest common divisor of 319891 and 44?
11
Calculate the highest common factor of 2169 and 18.
9
Calculate the highest common divisor of 86 and 1819201.
43
Calculate the highest common divisor of 32489 and 49131.
53
What is the greatest common divisor of 672 and 8960?
224
Calculate the greatest common divisor of 82344 and 1444451.
3431
What is the greatest common divisor of 284021 and 3384?
47
Calculate the greatest common factor of 6248 and 25631.
71
What is the greatest common factor of 1729 and 25844?
91
Calculate the highest common factor of 12407337 and 54.
27
What is the greatest common divisor of 5 and 244285?
5
Calculate the highest common divisor of 35998 and 2050.
82
Calculate the greatest common factor of 918 and 372300.
102
What is the greatest common divisor of 86 and 612449?
43
Calculate the highest common divisor of 1920 and 155.
5
Calculate the highest common divisor of 182 and 6013.
7
Calculate the greatest common factor of 170 and 1544535.
85
Calculate the highest common divisor of 470 and 370595.
235
What is the highest common divisor of 323 and 373768?
19
Calculate the greatest common divisor of 156 and 231036.
156
Calculate the greatest common divisor of 49884 and 84.
12
Calculate the highest common factor of 33252 and 132.
12
Calculate the greatest common factor of 1103 and 169.
1
What is the greatest common factor of 9422 and 63?
7
What is the highest common factor of 82 and 1353?
41
Calculate the highest common factor of 33241 and 39.
13
What is the greatest common factor of 17484780 and 664?
332
What is the highest common divisor of 495 and 5280?
165
Calculate the highest common factor of 130291 and 441.
49
Calculate the highest common factor of 25 and 388850.
25
Calculate the greatest common factor of 920 and 9085.
115
Calculate the highest common factor of 542997 and 1428.
357
Calculate the highest common factor of 541 and 3.
1
What is the greatest common factor of 370295 and 310?
155
Calculate the greatest common factor of 20 and 3295.
5
What is the highest common divisor of 16 and 173552?
16
What is the highest common divisor of 630 and 1330?
70
Calculate the greatest common divisor of 246645 and 203.
203
Calculate the greatest common divisor of 633 and 21311.
211
What is the greatest common factor of 8118 and 25652?
22
What is the highest common factor of 108366 and 366?
6
What is the greatest common factor of 18258 and 204?
102
Calculate the highest common factor of 46 and 27662.
2
What is the greatest common factor of 4638 and 174?
6
Calculate the greatest common divisor of 2633 and 5.
1
What is the highest common factor of 189132 and 12?
12
What is the greatest common divisor of 508 and 63500?
508
Calculate the highest common divisor of 80 and 709360.
80
Calculate the greatest common factor of 2004113 and 68.
17
Calculate the highest common factor of 6035 and 15.
5
Calculate the highest common factor of 1472 and 9808.
16
Calculate the greatest common divisor of 81 and 309393.
27
What is the greatest common factor of 1304 and 197556?
652
Calculate the greatest common divisor of 50124 and 48.
12
What is the greatest common divisor of 2643877 and 202?
101
Calculate the greatest common factor of 167431 and 11.
11
Calculate the highest common factor of 1751714 and 136.
34
What is the greatest common factor of 468 and 80886?
78
Calculate the highest common divisor of 9396 and 464.
116
What is the greatest common factor of 153749 and 7?
1
Calculate the greatest common divisor of 286169 and 247.
13
Calculate the highest common divisor of 89706 and 6.
6
What is the highest common factor of 2576 and 124453?
161
What is the greatest common factor of 116 and 433724?
116
Calculate the greatest common factor of 100 and 1182100.
100
What is the greatest common divisor of 552 and 38272?
184
What is the highest common divisor of 18 and 812925?
9
What is the greatest common factor of 61260 and 36?
12
What is the greatest common divisor of 36 and 117204?
12
What is the greatest common divisor of 287773 and 1891?
31
What is the greatest common divisor of 157550 and 690?
230
What is the highest common divisor of 869 and 17933?
79
What is the greatest common divisor of 77562 and 1112?
278
What is the greatest common divisor of 905994 and 18?
18
What is the greatest common divisor of 391 and 12581?
23
Calculate the highest common divisor of 17442 and 893.
19
Calculate the greatest common factor of 66 and 8899.
11
What is the greatest common divisor of 3666 and 339?
3
Calculate the greatest common divisor of 204 and 310998.
102
What is the greatest common factor of 13 and 14417?
13
What is the highest common divisor of 901 and 256989?
17
What is the greatest common divisor of 1328685 and 210?
15
What is the highest common divisor of 8768412 and 93?
93
What is the greatest common divisor of 336717 and 27?
27
Calculate the highest common divisor of 5249 and 18100.
181
What is the greatest common factor of 96486 and 6864?
78
What is the highest common factor of 315489 and 309?
309
Calculate the highest common factor of 113645 and 1190.
595
What is the greatest common factor of 28842 and 52118?
506
What is the greatest common factor of 235504 and 256?
16
Calculate the greatest common factor of 36 and 178380.
36
Calculate the highest common divisor of 188005 and 95.
95
Calculate the highest common divisor of 578 and 136.
34
What is the greatest common factor of 9500 and 60?
20
Calculate the greatest common factor of 245 and 132104.
49
What is the greatest common divisor of 65048 and 24?
8
Calculate the greatest common divisor of 55571 and 183.
61
What is the highest common divisor of 21 and 154749?
21
What is the highest common divisor of 9900 and 407?
11
Calculate the greatest common divisor of 500 and 894500.
500
Calculate the highest common factor of 65402 and 1851.
617
What is the highest common divisor of 50 and 320275?
25
Calculate the greatest common divisor of 4900 and 8960.
140
Calculate the greatest common factor of 896 and 20489.
7
What is the greatest common divisor of 145 and 8895605?
145
What is the highest common divisor of 8887207 and 7?
7
Calculate the greatest common divisor of 3895 and 2565.
95
What is the highest common divisor of 3254004 and 68?
68
What is the greatest common factor of 1028 and 2302720?
1028
Calculate the greatest common divisor of 1140 a